 = 3*h - 8 - 6, 2*h + j = 3*u. Calculate the remainder when 76 is divided by u.
10
Let v = 48 - -8. Suppose c - v = 21. Suppose -1068*z = -857*z - 214 - 3162. Calculate the remainder when c is divided by z.
13
Let d = 4 - -5. Suppose 4*y + k = d - 1, 3*k - 8 = -4*y. Suppose -6*g = -y*g - 24. What is the remainder when 17 is divided by g?
5
Suppose 6*l - 10*l - 3*b = -106, 2*l - 4*b - 64 = 0. Suppose -3*x + l = 5*q, 0*x - 4*x = 3*q - 8. Calculate the remainder when 87 is divided by q.
7
Let u = 1942 + -1865. What is the remainder when 114 is divided by u?
37
Suppose 9*z - 778 - 392 = 0. Suppose 0 = -2*a - 4*v + 96, -z = -3*a + 11*v - 10*v. What is the remainder when a is divided by 16?
12
Let t(a) = 3*a**2 - 2*a - 3. Let h = -42394 + 42407. What is the remainder when t(4) is divided by h?
11
Let w be 249/((-10)/((-280)/21)). Let a = w - 282. Calculate the remainder when 185 is divided by a.
35
Suppose -15*k + 10*k + i - 3 = 0, 9 = k + 3*i. Suppose 2*z + 5*v = -3*z + 1385, z + 4*v - 280 = k. What is the remainder when z is divided by 28?
24
Suppose -28*s - 248 + 444 = 0. What is the remainder when 424 is divided by s?
4
Let l(p) = -p**2 - 4*p + 5. Let v be l(-5). Suppose -a - a + 40 = v. What is the remainder when 88 is divided by (a - 3) + 1/2*-4?
13
Let g(l) = -l**3 - 24*l**2 - 28*l - 113. Let z be g(-23). Suppose -21 = -x + z*f - 6, f + 11 = x. Calculate the remainder when 17 is divided by x.
3
Suppose 0 = -220*c + 224*c + 4. What is the remainder when (-86)/4*(-4)/2 is divided by (24/18 + c)*45?
13
Let d = -14535 - -14588. What is the remainder when 1641 is divided by d?
51
Let i = 242 + -238. Suppose -169 = -5*d + b + 41, -2*d + 84 = i*b. What is the remainder when 137 is divided by d?
11
Suppose -12*n + 8*n = 2*x - 824, -2*n - 2096 = -5*x. What is the remainder when x is divided by 208?
2
Let f(b) = -60*b - 703. Calculate the remainder when f(-35) is divided by 28.
25
Calculate the remainder when 1/(9 + (-280)/30 - 322/(-948)) is divided by 52.
2
Suppose 0 = -44*s + 2743 + 29. Let m be 225/(-10)*4/(-6). Suppose -m = -w - 4. Calculate the remainder when s is divided by w.
8
Suppose m + 3*m - 56 = 0. What is the remainder when (111600/320)/155*(350 + -2) is divided by m?
13
Let u = -44484 - -44511. Let y(a) = 5*a**2 + a - 1. Let t be y(1). Suppose 5*b - 101 = -m + b, -m + t*b + 110 = 0. What is the remainder when m is divided by u?
24
Let x(p) = -2*p**2 - 16*p - 11. Let h(k) = k**2 + 4*k + 11. Suppose 0 = c + 1 + 5. What is the remainder when h(c) is divided by x(-6)?
10
Let g = 3066 + -3049. What is the remainder when 168 is divided by g?
15
Let d be ((-4)/(-6))/((-3)/(-1854)*4). Let n = -92 + d. What is the remainder when 52 is divided by n?
8
Let r be (-402)/9 - (-2)/3. Let a = r + 67. What is the remainder when a is divided by 1837 - 1812 - 38/2?
5
Suppose -5*i = -0 - 5, -5*g - 4*i = -29. Suppose h - z + 4 = 8, -g*h + 20 = 2*z. Calculate the remainder when 28 is divided by h/10 + (-66)/(-10).
0
Let t(q) = -3*q**3 - 81*q**2 - 4*q - 34. What is the remainder when 7029 is divided by t(-27)?
73
Suppose 5*h - 59 = -2*t, -5*h - 4*t + 63 = -0*t. What is the remainder when (-24)/16*-28 - 3 is divided by h?
6
Suppose 308*x - 53818 = 53674. What is the remainder when 351 is divided by x?
2
Suppose -4*u = 5*q - 8557, -4*q - 69*u = -71*u - 6856. Calculate the remainder when q is divided by 12.
9
Suppose 15*q + 33 = -72. Let r be 4/(-14) + 2 + (-933)/q. Calculate the remainder when 55 is divided by 915/r - 4/(-18).
6
Let v = -806 - -988. Calculate the remainder when v is divided by 8.
6
Let r be 10/((12/(-4))/3). Let h be (2 + (-27)/(-2))*(r + 14). What is the remainder when 55 is divided by -3*(4/4 - h/6)?
27
Suppose -213*g = -209*g + l - 2892, 3*g - 2180 = 2*l. Calculate the remainder when g is divided by 81.
76
Let x be (-5 - 282/(-12))*2. Let h = 83 - x. Let d(q) = -q**3 - q**2 + 19. What is the remainder when h is divided by d(0)?
8
Suppose -4*b = g - 22, -4*b + g = -9*b + 28. Let d = 791 - 511. What is the remainder when d is divided by b?
4
Suppose 0 = -b + 3*y - 7 + 42, 0 = -2*b - 3*y + 25. What is the remainder when (2 - (0 - -2)) + -4 + 97 + 4 is divided by b?
17
Let m(g) = -5*g + 77*g**3 - 158*g**3 + 83*g**3 + 7. Let q = -18 - -20. What is the remainder when 51 is divided by m(q)?
12
Suppose -103 = -l + 2*g, 884 = -4*l + 5*g + 1311. Suppose f + 2*w - 52 = -3*w, -98 = -2*f - 4*w. Calculate the remainder when l is divided by f.
19
Let c = 1102 - 1101. Suppose 3*g + 2 = 2*t, -g = 5*t + 1 - 6. Calculate the remainder when t is divided by c.
0
Let j(o) = -o**3 + 29*o**2 + 71*o - 121. Let t be j(31). Let b = t - 117. Calculate the remainder when b is divided by 8.
1
Suppose -40*h + 240*h - 1265 = 335. Calculate the remainder when 4807 is divided by h.
7
Let c be 1 - (-5 + 8 + -4). Let k(o) = 150*o**2 + o - 4. Let q be k(c). Let h = -400 + q. Calculate the remainder when h is divided by 25.
23
Suppose 3 + 3 = 3*u. Suppose -529 = -5*r - 3*b, r - u*b + 50 = 148. What is the remainder when r is divided by 2966/110 - 388/(-10670)?
23
Suppose 0 = 10*c + 460 - 20. Let v = c - -93. Let y = -23 + v. What is the remainder when 75 is divided by y?
23
Let x(o) = 11*o**2 - 16*o + 10. Calculate the remainder when 524 is divided by x(1).
4
Let t = -15152 - -15328. What is the remainder when 591 is divided by t?
63
Suppose 5*y - 3*d = -200, -2*y - 17*d = -13*d + 54. Let a = -19 - y. What is the remainder when 32 is divided by a?
14
Suppose -n = -34 + 14. Suppose 1600*h - 1740*h + 6860 = 0. Calculate the remainder when h is divided by n.
9
Let l = 2929 + -1072. Suppose -l + 149 = -14*v. What is the remainder when v is divided by 43?
36
Let q = -612 + 660. Let f = -985 - -1424. Let v = f - 248. Calculate the remainder when v is divided by q.
47
Suppose 13*d - 5*o = 14*d + 8, 3*d + 2*o = 15. What is the remainder when 43 is divided by ((-4180)/(-35))/11 + 1/d?
10
Let z(i) = i**3 + 25*i**2 + 63*i - 5. Let y be z(-3). Suppose 2*j + y*p - 156 = -p, -3*p - 100 = -j. What is the remainder when j is divided by 23?
19
Let v be ((-1)/(1/2))/(64/(-13024)). Let m = v + -314. Calculate the remainder when m is divided by 10.
3
Let r(x) = -7*x**3 - 11*x**2 - 31*x + 118. What is the remainder when r(-8) is divided by 28?
26
Suppose 5*i = 33 + 17. Suppose 4*g - 82 = -i. Suppose -4*l + 14 = -3*l - 4*r, -l + 2*r + g = 0. What is the remainder when 107 is divided by l?
19
Let j = 534 - 345. Suppose -5*u + 308 = -3*h, 2542 = 2*u + 2*h + 2406. What is the remainder when j is divided by u?
61
Let g(z) = 20*z - 423. Calculate the remainder when g(35) is divided by 8.
5
Suppose 4*m + 8 = 0, -2*m - 58 - 26 = -4*j. Let q = -66 - 99. Let p = -69 - q. What is the remainder when p is divided by j?
16
Let w = 303 - 282. Suppose -181 = -4*h - 3*o, h - w = -3*o + 13. Calculate the remainder when h is divided by 15.
4
Suppose -r + 28*b - 26*b + 1906 = 0, -r + 4*b + 1896 = 0. Calculate the remainder when r is divided by 31.
25
Suppose p - 4*f - 85 = -7*f, -5*f = -10. Calculate the remainder when p is divided by (8 + -3)/((-40)/(-176)).
13
Let p = -574 + 572. Calculate the remainder when 90 is divided by (-4)/16 - ((-98)/8 + p).
6
Suppose 357*p + 308 = 385*p. What is the remainder when 1000 is divided by p?
10
Let t(x) = 6*x + 6. Let m(c) = -2*c - 1. Let l be m(-3). Calculate the remainder when t(l) is divided by 40*9/(-6)*7/(-42).
6
Suppose -4*s = -3*y + 229, -6*s - 12 = -3*s. What is the remainder when 3704/28 - (-4)/(-14) is divided by y?
61
Let q(j) = j**3 + 21*j**2 - j + 41. Calculate the remainder when 6135 is divided by q(-21).
59
Calculate the remainder when 204 is divided by (9889/1276)/((-2)/(-8)).
18
Let w be (-8)/(-30)*3 + (-9303)/(-15). Let d = w + -474. What is the remainder when d is divided by 46?
9
Suppose s - 5*s = 32. What is the remainder when -27 + (-51 - -80 - -61) is divided by 2/s - (-66)/8?
7
Suppose -4*w + 2*d = -2318, w = -5*d - 1352 + 1948. What is the remainder when 1745 is divided by w?
2
Let c be 4/14 - (-420)/(-98) - -4. Calculate the remainder when 307 is divided by (-4 - -79) + 6 + (c - 2).
70
Let f(d) = -d**3 + 12*d**2 + 2*d - 18. Let p be f(12). Suppose -p*k + 5*k = 63. Let j = 65 + k. Calculate the remainder when 7 is divided by j.
1
Let b = 49 + -64. Let 